{"id":7580,"date":"2024-10-19T14:44:59","date_gmt":"2024-10-19T14:44:59","guid":{"rendered":"http:\/\/maceqen.com\/?post_type=product&#038;p=7580"},"modified":"2024-10-19T14:44:59","modified_gmt":"2024-10-19T14:44:59","slug":"indoor-spray-repellent-sprej-per-edukimin-e-qenve-dhe-maceve","status":"publish","type":"product","link":"https:\/\/maceqen.com\/excelsior\/product\/indoor-spray-repellent-sprej-per-edukimin-e-qenve-dhe-maceve\/","title":{"rendered":"Indoor spray repellent.Sprej per edukimin e qenve dhe maceve"},"content":{"rendered":"<p><span>The indoor dishabituant is the most practical solution to teach your dog and cat bad habits to avoid.<\/span><br \/>\n<span>Perfect on any surface, it immediately gives the animal the signal that this place is forbidden.<\/span><br \/>\n<span>Just a few sprays, the animal will learn very quickly.<\/span><br \/>\n<strong><span>Quantity:<\/span><\/strong><span>\u00a0300ml<\/span><\/p>\n<p><span class=\"Y2IQFc\" lang=\"sq\">Disabituante e brendshme \u00ebsht\u00eb zgjidhja m\u00eb praktike p\u00ebr t&#8217;i m\u00ebsuar qenit dhe maces tuaj zakone t\u00eb k\u00ebqija q\u00eb duhet t\u00eb shmangin. E p\u00ebrkryer n\u00eb \u00e7do sip\u00ebrfaqe, i jep menj\u00ebher\u00eb kafsh\u00ebs sinjalin se ky vend \u00ebsht\u00eb i ndaluar. Vet\u00ebm disa sp\u00ebrkatje, kafsha do t\u00eb m\u00ebsoj\u00eb shum\u00eb shpejt.<\/span><\/p>\n","protected":false},"excerpt":{"rendered":"<p>The indoor dishabituant is the most practical solution to teach your dog and cat bad habits to avoid. Perfect on any surface, it immediately gives the animal the signal that this place is forbidden. Just a few sprays, the animal will learn very quickly. Quantity:\u00a0300ml Disabituante e brendshme \u00ebsht\u00eb zgjidhja m\u00eb praktike p\u00ebr t&#8217;i m\u00ebsuar [&hellip;]<\/p>\n","protected":false},"featured_media":7581,"template":"","meta":[],"product_brand":[],"product_cat":[71,111,72,130],"product_tag":[],"class_list":{"0":"post-7580","1":"product","2":"type-product","3":"status-publish","4":"has-post-thumbnail","6":"product_cat-mace","7":"product_cat-higjiena","8":"product_cat-qen","9":"product_cat-higjiena-qen","11":"first","12":"instock","13":"shipping-taxable","14":"purchasable","15":"product-type-simple"},"yoast_head":"<!-- This site is optimized with the Yoast SEO plugin v26.4 - https:\/\/yoast.com\/wordpress\/plugins\/seo\/ -->\n<title>Indoor spray repellent.Sprej per edukimin e qenve dhe maceve - Maceqen<\/title>\n<meta name=\"robots\" content=\"index, follow, max-snippet:-1, max-image-preview:large, max-video-preview:-1\" \/>\n<link rel=\"canonical\" href=\"https:\/\/maceqen.com\/excelsior\/product\/indoor-spray-repellent-sprej-per-edukimin-e-qenve-dhe-maceve\/\" \/>\n<meta property=\"og:locale\" content=\"sq_AL\" \/>\n<meta property=\"og:type\" content=\"article\" \/>\n<meta property=\"og:title\" content=\"Indoor spray repellent.Sprej per edukimin e qenve dhe maceve - Maceqen\" \/>\n<meta property=\"og:description\" content=\"The indoor dishabituant is the most practical solution to teach your dog and cat bad habits to avoid. Perfect on any surface, it immediately gives the animal the signal that this place is forbidden. Just a few sprays, the animal will learn very quickly. Quantity:\u00a0300ml Disabituante e brendshme \u00ebsht\u00eb zgjidhja m\u00eb praktike p\u00ebr t&#8217;i m\u00ebsuar [&hellip;]\" \/>\n<meta property=\"og:url\" content=\"https:\/\/maceqen.com\/excelsior\/product\/indoor-spray-repellent-sprej-per-edukimin-e-qenve-dhe-maceve\/\" \/>\n<meta property=\"og:site_name\" content=\"Maceqen\" \/>\n<meta property=\"article:publisher\" content=\"https:\/\/www.facebook.com\/profile.php?id=61566868653024\" \/>\n<meta property=\"og:image\" content=\"https:\/\/maceqen.com\/excelsior\/wp-content\/uploads\/2024\/10\/LA300.jpg\" \/>\n\t<meta property=\"og:image:width\" content=\"1024\" \/>\n\t<meta property=\"og:image:height\" content=\"1542\" \/>\n\t<meta property=\"og:image:type\" content=\"image\/jpeg\" \/>\n<meta name=\"twitter:card\" content=\"summary_large_image\" \/>\n<meta name=\"twitter:label1\" content=\"Est. reading time\" \/>\n\t<meta name=\"twitter:data1\" content=\"1 minut\u00eb\" \/>\n<script type=\"application\/ld+json\" class=\"yoast-schema-graph\">{\"@context\":\"https:\/\/schema.org\",\"@graph\":[{\"@type\":\"WebPage\",\"@id\":\"https:\/\/maceqen.com\/excelsior\/product\/indoor-spray-repellent-sprej-per-edukimin-e-qenve-dhe-maceve\/\",\"url\":\"https:\/\/maceqen.com\/excelsior\/product\/indoor-spray-repellent-sprej-per-edukimin-e-qenve-dhe-maceve\/\",\"name\":\"Indoor spray repellent.Sprej per edukimin e qenve dhe maceve - Maceqen\",\"isPartOf\":{\"@id\":\"https:\/\/maceqen.com\/excelsior\/#website\"},\"primaryImageOfPage\":{\"@id\":\"https:\/\/maceqen.com\/excelsior\/product\/indoor-spray-repellent-sprej-per-edukimin-e-qenve-dhe-maceve\/#primaryimage\"},\"image\":{\"@id\":\"https:\/\/maceqen.com\/excelsior\/product\/indoor-spray-repellent-sprej-per-edukimin-e-qenve-dhe-maceve\/#primaryimage\"},\"thumbnailUrl\":\"https:\/\/maceqen.com\/excelsior\/wp-content\/uploads\/2024\/10\/LA300.jpg\",\"datePublished\":\"2024-10-19T14:44:59+00:00\",\"breadcrumb\":{\"@id\":\"https:\/\/maceqen.com\/excelsior\/product\/indoor-spray-repellent-sprej-per-edukimin-e-qenve-dhe-maceve\/#breadcrumb\"},\"inLanguage\":\"sq\",\"potentialAction\":[{\"@type\":\"ReadAction\",\"target\":[\"https:\/\/maceqen.com\/excelsior\/product\/indoor-spray-repellent-sprej-per-edukimin-e-qenve-dhe-maceve\/\"]}]},{\"@type\":\"ImageObject\",\"inLanguage\":\"sq\",\"@id\":\"https:\/\/maceqen.com\/excelsior\/product\/indoor-spray-repellent-sprej-per-edukimin-e-qenve-dhe-maceve\/#primaryimage\",\"url\":\"https:\/\/maceqen.com\/excelsior\/wp-content\/uploads\/2024\/10\/LA300.jpg\",\"contentUrl\":\"https:\/\/maceqen.com\/excelsior\/wp-content\/uploads\/2024\/10\/LA300.jpg\",\"width\":1024,\"height\":1542},{\"@type\":\"BreadcrumbList\",\"@id\":\"https:\/\/maceqen.com\/excelsior\/product\/indoor-spray-repellent-sprej-per-edukimin-e-qenve-dhe-maceve\/#breadcrumb\",\"itemListElement\":[{\"@type\":\"ListItem\",\"position\":1,\"name\":\"Home\",\"item\":\"https:\/\/maceqen.com\/excelsior\/\"},{\"@type\":\"ListItem\",\"position\":2,\"name\":\"Shop\",\"item\":\"https:\/\/maceqen.com\/excelsior\/shop\/\"},{\"@type\":\"ListItem\",\"position\":3,\"name\":\"Indoor spray repellent.Sprej per edukimin e qenve dhe maceve\"}]},{\"@type\":\"WebSite\",\"@id\":\"https:\/\/maceqen.com\/excelsior\/#website\",\"url\":\"https:\/\/maceqen.com\/excelsior\/\",\"name\":\"Maceqen\",\"description\":\"Maceqen.com\",\"publisher\":{\"@id\":\"https:\/\/maceqen.com\/excelsior\/#organization\"},\"potentialAction\":[{\"@type\":\"SearchAction\",\"target\":{\"@type\":\"EntryPoint\",\"urlTemplate\":\"https:\/\/maceqen.com\/excelsior\/?s={search_term_string}\"},\"query-input\":{\"@type\":\"PropertyValueSpecification\",\"valueRequired\":true,\"valueName\":\"search_term_string\"}}],\"inLanguage\":\"sq\"},{\"@type\":\"Organization\",\"@id\":\"https:\/\/maceqen.com\/excelsior\/#organization\",\"name\":\"Maceqen\",\"url\":\"https:\/\/maceqen.com\/excelsior\/\",\"logo\":{\"@type\":\"ImageObject\",\"inLanguage\":\"sq\",\"@id\":\"https:\/\/maceqen.com\/excelsior\/#\/schema\/logo\/image\/\",\"url\":\"https:\/\/maceqen.com\/excelsior\/wp-content\/uploads\/2021\/10\/maceqen_transparent-e1724054286368-2.png\",\"contentUrl\":\"https:\/\/maceqen.com\/excelsior\/wp-content\/uploads\/2021\/10\/maceqen_transparent-e1724054286368-2.png\",\"width\":1641,\"height\":727,\"caption\":\"Maceqen\"},\"image\":{\"@id\":\"https:\/\/maceqen.com\/excelsior\/#\/schema\/logo\/image\/\"},\"sameAs\":[\"https:\/\/www.facebook.com\/profile.php?id=61566868653024\",\"https:\/\/www.instagram.com\/maceqen_\/\"]}]}<\/script>\n<!-- \/ Yoast SEO plugin. -->","yoast_head_json":{"title":"Indoor spray repellent.Sprej per edukimin e qenve dhe maceve - Maceqen","robots":{"index":"index","follow":"follow","max-snippet":"max-snippet:-1","max-image-preview":"max-image-preview:large","max-video-preview":"max-video-preview:-1"},"canonical":"https:\/\/maceqen.com\/excelsior\/product\/indoor-spray-repellent-sprej-per-edukimin-e-qenve-dhe-maceve\/","og_locale":"sq_AL","og_type":"article","og_title":"Indoor spray repellent.Sprej per edukimin e qenve dhe maceve - Maceqen","og_description":"The indoor dishabituant is the most practical solution to teach your dog and cat bad habits to avoid. Perfect on any surface, it immediately gives the animal the signal that this place is forbidden. Just a few sprays, the animal will learn very quickly. Quantity:\u00a0300ml Disabituante e brendshme \u00ebsht\u00eb zgjidhja m\u00eb praktike p\u00ebr t&#8217;i m\u00ebsuar [&hellip;]","og_url":"https:\/\/maceqen.com\/excelsior\/product\/indoor-spray-repellent-sprej-per-edukimin-e-qenve-dhe-maceve\/","og_site_name":"Maceqen","article_publisher":"https:\/\/www.facebook.com\/profile.php?id=61566868653024","og_image":[{"width":1024,"height":1542,"url":"https:\/\/maceqen.com\/excelsior\/wp-content\/uploads\/2024\/10\/LA300.jpg","type":"image\/jpeg"}],"twitter_card":"summary_large_image","twitter_misc":{"Est. reading time":"1 minut\u00eb"},"schema":{"@context":"https:\/\/schema.org","@graph":[{"@type":"WebPage","@id":"https:\/\/maceqen.com\/excelsior\/product\/indoor-spray-repellent-sprej-per-edukimin-e-qenve-dhe-maceve\/","url":"https:\/\/maceqen.com\/excelsior\/product\/indoor-spray-repellent-sprej-per-edukimin-e-qenve-dhe-maceve\/","name":"Indoor spray repellent.Sprej per edukimin e qenve dhe maceve - Maceqen","isPartOf":{"@id":"https:\/\/maceqen.com\/excelsior\/#website"},"primaryImageOfPage":{"@id":"https:\/\/maceqen.com\/excelsior\/product\/indoor-spray-repellent-sprej-per-edukimin-e-qenve-dhe-maceve\/#primaryimage"},"image":{"@id":"https:\/\/maceqen.com\/excelsior\/product\/indoor-spray-repellent-sprej-per-edukimin-e-qenve-dhe-maceve\/#primaryimage"},"thumbnailUrl":"https:\/\/maceqen.com\/excelsior\/wp-content\/uploads\/2024\/10\/LA300.jpg","datePublished":"2024-10-19T14:44:59+00:00","breadcrumb":{"@id":"https:\/\/maceqen.com\/excelsior\/product\/indoor-spray-repellent-sprej-per-edukimin-e-qenve-dhe-maceve\/#breadcrumb"},"inLanguage":"sq","potentialAction":[{"@type":"ReadAction","target":["https:\/\/maceqen.com\/excelsior\/product\/indoor-spray-repellent-sprej-per-edukimin-e-qenve-dhe-maceve\/"]}]},{"@type":"ImageObject","inLanguage":"sq","@id":"https:\/\/maceqen.com\/excelsior\/product\/indoor-spray-repellent-sprej-per-edukimin-e-qenve-dhe-maceve\/#primaryimage","url":"https:\/\/maceqen.com\/excelsior\/wp-content\/uploads\/2024\/10\/LA300.jpg","contentUrl":"https:\/\/maceqen.com\/excelsior\/wp-content\/uploads\/2024\/10\/LA300.jpg","width":1024,"height":1542},{"@type":"BreadcrumbList","@id":"https:\/\/maceqen.com\/excelsior\/product\/indoor-spray-repellent-sprej-per-edukimin-e-qenve-dhe-maceve\/#breadcrumb","itemListElement":[{"@type":"ListItem","position":1,"name":"Home","item":"https:\/\/maceqen.com\/excelsior\/"},{"@type":"ListItem","position":2,"name":"Shop","item":"https:\/\/maceqen.com\/excelsior\/shop\/"},{"@type":"ListItem","position":3,"name":"Indoor spray repellent.Sprej per edukimin e qenve dhe maceve"}]},{"@type":"WebSite","@id":"https:\/\/maceqen.com\/excelsior\/#website","url":"https:\/\/maceqen.com\/excelsior\/","name":"Maceqen","description":"Maceqen.com","publisher":{"@id":"https:\/\/maceqen.com\/excelsior\/#organization"},"potentialAction":[{"@type":"SearchAction","target":{"@type":"EntryPoint","urlTemplate":"https:\/\/maceqen.com\/excelsior\/?s={search_term_string}"},"query-input":{"@type":"PropertyValueSpecification","valueRequired":true,"valueName":"search_term_string"}}],"inLanguage":"sq"},{"@type":"Organization","@id":"https:\/\/maceqen.com\/excelsior\/#organization","name":"Maceqen","url":"https:\/\/maceqen.com\/excelsior\/","logo":{"@type":"ImageObject","inLanguage":"sq","@id":"https:\/\/maceqen.com\/excelsior\/#\/schema\/logo\/image\/","url":"https:\/\/maceqen.com\/excelsior\/wp-content\/uploads\/2021\/10\/maceqen_transparent-e1724054286368-2.png","contentUrl":"https:\/\/maceqen.com\/excelsior\/wp-content\/uploads\/2021\/10\/maceqen_transparent-e1724054286368-2.png","width":1641,"height":727,"caption":"Maceqen"},"image":{"@id":"https:\/\/maceqen.com\/excelsior\/#\/schema\/logo\/image\/"},"sameAs":["https:\/\/www.facebook.com\/profile.php?id=61566868653024","https:\/\/www.instagram.com\/maceqen_\/"]}]}},"_links":{"self":[{"href":"https:\/\/maceqen.com\/excelsior\/wp-json\/wp\/v2\/product\/7580","targetHints":{"allow":["GET"]}}],"collection":[{"href":"https:\/\/maceqen.com\/excelsior\/wp-json\/wp\/v2\/product"}],"about":[{"href":"https:\/\/maceqen.com\/excelsior\/wp-json\/wp\/v2\/types\/product"}],"wp:featuredmedia":[{"embeddable":true,"href":"https:\/\/maceqen.com\/excelsior\/wp-json\/wp\/v2\/media\/7581"}],"wp:attachment":[{"href":"https:\/\/maceqen.com\/excelsior\/wp-json\/wp\/v2\/media?parent=7580"}],"wp:term":[{"taxonomy":"product_brand","embeddable":true,"href":"https:\/\/maceqen.com\/excelsior\/wp-json\/wp\/v2\/product_brand?post=7580"},{"taxonomy":"product_cat","embeddable":true,"href":"https:\/\/maceqen.com\/excelsior\/wp-json\/wp\/v2\/product_cat?post=7580"},{"taxonomy":"product_tag","embeddable":true,"href":"https:\/\/maceqen.com\/excelsior\/wp-json\/wp\/v2\/product_tag?post=7580"}],"curies":[{"name":"wp","href":"https:\/\/api.w.org\/{rel}","templated":true}]}}