{"id":6487,"date":"2024-09-12T10:53:34","date_gmt":"2024-09-12T10:53:34","guid":{"rendered":"http:\/\/maceqen.com\/?post_type=product&#038;p=6487"},"modified":"2024-09-12T10:53:34","modified_gmt":"2024-09-12T10:53:34","slug":"furminator-deshedding-xl-long-hair-kreher-furminator-per-qen-me-qime-te-gjate","status":"publish","type":"product","link":"https:\/\/maceqen.com\/excelsior\/product\/furminator-deshedding-xl-long-hair-kreher-furminator-per-qen-me-qime-te-gjate\/","title":{"rendered":"FURminator DeShedding XL long hair. Kr\u00ebh\u00ebr furminator p\u00ebr qen me qime t\u00eb gjat\u00eb"},"content":{"rendered":"","protected":false},"excerpt":{"rendered":"","protected":false},"featured_media":6488,"template":"","meta":[],"product_brand":[],"product_cat":[72,131,150],"product_tag":[],"class_list":{"0":"post-6487","1":"product","2":"type-product","3":"status-publish","4":"has-post-thumbnail","6":"product_cat-qen","7":"product_cat-kujdesi-qen","8":"product_cat-kreher","10":"first","11":"instock","12":"shipping-taxable","13":"purchasable","14":"product-type-simple"},"yoast_head":"<!-- This site is optimized with the Yoast SEO plugin v26.4 - https:\/\/yoast.com\/wordpress\/plugins\/seo\/ -->\n<title>FURminator DeShedding XL long hair. Kr\u00ebh\u00ebr furminator p\u00ebr qen me qime t\u00eb gjat\u00eb - Maceqen<\/title>\n<meta name=\"robots\" content=\"index, follow, max-snippet:-1, max-image-preview:large, max-video-preview:-1\" \/>\n<link rel=\"canonical\" href=\"https:\/\/maceqen.com\/excelsior\/product\/furminator-deshedding-xl-long-hair-kreher-furminator-per-qen-me-qime-te-gjate\/\" \/>\n<meta property=\"og:locale\" content=\"sq_AL\" \/>\n<meta property=\"og:type\" content=\"article\" \/>\n<meta property=\"og:title\" content=\"FURminator DeShedding XL long hair. Kr\u00ebh\u00ebr furminator p\u00ebr qen me qime t\u00eb gjat\u00eb - Maceqen\" \/>\n<meta property=\"og:url\" content=\"https:\/\/maceqen.com\/excelsior\/product\/furminator-deshedding-xl-long-hair-kreher-furminator-per-qen-me-qime-te-gjate\/\" \/>\n<meta property=\"og:site_name\" content=\"Maceqen\" \/>\n<meta property=\"article:publisher\" content=\"https:\/\/www.facebook.com\/profile.php?id=61566868653024\" \/>\n<meta property=\"og:image\" content=\"https:\/\/maceqen.com\/excelsior\/wp-content\/uploads\/2024\/09\/xlxl.webp\" \/>\n\t<meta property=\"og:image:width\" content=\"729\" \/>\n\t<meta property=\"og:image:height\" content=\"1000\" \/>\n\t<meta property=\"og:image:type\" content=\"image\/webp\" \/>\n<meta name=\"twitter:card\" content=\"summary_large_image\" \/>\n<script type=\"application\/ld+json\" class=\"yoast-schema-graph\">{\"@context\":\"https:\/\/schema.org\",\"@graph\":[{\"@type\":\"WebPage\",\"@id\":\"https:\/\/maceqen.com\/excelsior\/product\/furminator-deshedding-xl-long-hair-kreher-furminator-per-qen-me-qime-te-gjate\/\",\"url\":\"https:\/\/maceqen.com\/excelsior\/product\/furminator-deshedding-xl-long-hair-kreher-furminator-per-qen-me-qime-te-gjate\/\",\"name\":\"FURminator DeShedding XL long hair. Kr\u00ebh\u00ebr furminator p\u00ebr qen me qime t\u00eb gjat\u00eb - Maceqen\",\"isPartOf\":{\"@id\":\"https:\/\/maceqen.com\/excelsior\/#website\"},\"primaryImageOfPage\":{\"@id\":\"https:\/\/maceqen.com\/excelsior\/product\/furminator-deshedding-xl-long-hair-kreher-furminator-per-qen-me-qime-te-gjate\/#primaryimage\"},\"image\":{\"@id\":\"https:\/\/maceqen.com\/excelsior\/product\/furminator-deshedding-xl-long-hair-kreher-furminator-per-qen-me-qime-te-gjate\/#primaryimage\"},\"thumbnailUrl\":\"https:\/\/maceqen.com\/excelsior\/wp-content\/uploads\/2024\/09\/xlxl.webp\",\"datePublished\":\"2024-09-12T10:53:34+00:00\",\"breadcrumb\":{\"@id\":\"https:\/\/maceqen.com\/excelsior\/product\/furminator-deshedding-xl-long-hair-kreher-furminator-per-qen-me-qime-te-gjate\/#breadcrumb\"},\"inLanguage\":\"sq\",\"potentialAction\":[{\"@type\":\"ReadAction\",\"target\":[\"https:\/\/maceqen.com\/excelsior\/product\/furminator-deshedding-xl-long-hair-kreher-furminator-per-qen-me-qime-te-gjate\/\"]}]},{\"@type\":\"ImageObject\",\"inLanguage\":\"sq\",\"@id\":\"https:\/\/maceqen.com\/excelsior\/product\/furminator-deshedding-xl-long-hair-kreher-furminator-per-qen-me-qime-te-gjate\/#primaryimage\",\"url\":\"https:\/\/maceqen.com\/excelsior\/wp-content\/uploads\/2024\/09\/xlxl.webp\",\"contentUrl\":\"https:\/\/maceqen.com\/excelsior\/wp-content\/uploads\/2024\/09\/xlxl.webp\",\"width\":729,\"height\":1000},{\"@type\":\"BreadcrumbList\",\"@id\":\"https:\/\/maceqen.com\/excelsior\/product\/furminator-deshedding-xl-long-hair-kreher-furminator-per-qen-me-qime-te-gjate\/#breadcrumb\",\"itemListElement\":[{\"@type\":\"ListItem\",\"position\":1,\"name\":\"Home\",\"item\":\"https:\/\/maceqen.com\/excelsior\/\"},{\"@type\":\"ListItem\",\"position\":2,\"name\":\"Shop\",\"item\":\"https:\/\/maceqen.com\/excelsior\/shop\/\"},{\"@type\":\"ListItem\",\"position\":3,\"name\":\"FURminator DeShedding XL long hair. Kr\u00ebh\u00ebr furminator p\u00ebr qen me qime t\u00eb gjat\u00eb\"}]},{\"@type\":\"WebSite\",\"@id\":\"https:\/\/maceqen.com\/excelsior\/#website\",\"url\":\"https:\/\/maceqen.com\/excelsior\/\",\"name\":\"Maceqen\",\"description\":\"Maceqen.com\",\"publisher\":{\"@id\":\"https:\/\/maceqen.com\/excelsior\/#organization\"},\"potentialAction\":[{\"@type\":\"SearchAction\",\"target\":{\"@type\":\"EntryPoint\",\"urlTemplate\":\"https:\/\/maceqen.com\/excelsior\/?s={search_term_string}\"},\"query-input\":{\"@type\":\"PropertyValueSpecification\",\"valueRequired\":true,\"valueName\":\"search_term_string\"}}],\"inLanguage\":\"sq\"},{\"@type\":\"Organization\",\"@id\":\"https:\/\/maceqen.com\/excelsior\/#organization\",\"name\":\"Maceqen\",\"url\":\"https:\/\/maceqen.com\/excelsior\/\",\"logo\":{\"@type\":\"ImageObject\",\"inLanguage\":\"sq\",\"@id\":\"https:\/\/maceqen.com\/excelsior\/#\/schema\/logo\/image\/\",\"url\":\"https:\/\/maceqen.com\/excelsior\/wp-content\/uploads\/2021\/10\/maceqen_transparent-e1724054286368-2.png\",\"contentUrl\":\"https:\/\/maceqen.com\/excelsior\/wp-content\/uploads\/2021\/10\/maceqen_transparent-e1724054286368-2.png\",\"width\":1641,\"height\":727,\"caption\":\"Maceqen\"},\"image\":{\"@id\":\"https:\/\/maceqen.com\/excelsior\/#\/schema\/logo\/image\/\"},\"sameAs\":[\"https:\/\/www.facebook.com\/profile.php?id=61566868653024\",\"https:\/\/www.instagram.com\/maceqen_\/\"]}]}<\/script>\n<!-- \/ Yoast SEO plugin. -->","yoast_head_json":{"title":"FURminator DeShedding XL long hair. Kr\u00ebh\u00ebr furminator p\u00ebr qen me qime t\u00eb gjat\u00eb - Maceqen","robots":{"index":"index","follow":"follow","max-snippet":"max-snippet:-1","max-image-preview":"max-image-preview:large","max-video-preview":"max-video-preview:-1"},"canonical":"https:\/\/maceqen.com\/excelsior\/product\/furminator-deshedding-xl-long-hair-kreher-furminator-per-qen-me-qime-te-gjate\/","og_locale":"sq_AL","og_type":"article","og_title":"FURminator DeShedding XL long hair. Kr\u00ebh\u00ebr furminator p\u00ebr qen me qime t\u00eb gjat\u00eb - Maceqen","og_url":"https:\/\/maceqen.com\/excelsior\/product\/furminator-deshedding-xl-long-hair-kreher-furminator-per-qen-me-qime-te-gjate\/","og_site_name":"Maceqen","article_publisher":"https:\/\/www.facebook.com\/profile.php?id=61566868653024","og_image":[{"width":729,"height":1000,"url":"https:\/\/maceqen.com\/excelsior\/wp-content\/uploads\/2024\/09\/xlxl.webp","type":"image\/webp"}],"twitter_card":"summary_large_image","schema":{"@context":"https:\/\/schema.org","@graph":[{"@type":"WebPage","@id":"https:\/\/maceqen.com\/excelsior\/product\/furminator-deshedding-xl-long-hair-kreher-furminator-per-qen-me-qime-te-gjate\/","url":"https:\/\/maceqen.com\/excelsior\/product\/furminator-deshedding-xl-long-hair-kreher-furminator-per-qen-me-qime-te-gjate\/","name":"FURminator DeShedding XL long hair. Kr\u00ebh\u00ebr furminator p\u00ebr qen me qime t\u00eb gjat\u00eb - Maceqen","isPartOf":{"@id":"https:\/\/maceqen.com\/excelsior\/#website"},"primaryImageOfPage":{"@id":"https:\/\/maceqen.com\/excelsior\/product\/furminator-deshedding-xl-long-hair-kreher-furminator-per-qen-me-qime-te-gjate\/#primaryimage"},"image":{"@id":"https:\/\/maceqen.com\/excelsior\/product\/furminator-deshedding-xl-long-hair-kreher-furminator-per-qen-me-qime-te-gjate\/#primaryimage"},"thumbnailUrl":"https:\/\/maceqen.com\/excelsior\/wp-content\/uploads\/2024\/09\/xlxl.webp","datePublished":"2024-09-12T10:53:34+00:00","breadcrumb":{"@id":"https:\/\/maceqen.com\/excelsior\/product\/furminator-deshedding-xl-long-hair-kreher-furminator-per-qen-me-qime-te-gjate\/#breadcrumb"},"inLanguage":"sq","potentialAction":[{"@type":"ReadAction","target":["https:\/\/maceqen.com\/excelsior\/product\/furminator-deshedding-xl-long-hair-kreher-furminator-per-qen-me-qime-te-gjate\/"]}]},{"@type":"ImageObject","inLanguage":"sq","@id":"https:\/\/maceqen.com\/excelsior\/product\/furminator-deshedding-xl-long-hair-kreher-furminator-per-qen-me-qime-te-gjate\/#primaryimage","url":"https:\/\/maceqen.com\/excelsior\/wp-content\/uploads\/2024\/09\/xlxl.webp","contentUrl":"https:\/\/maceqen.com\/excelsior\/wp-content\/uploads\/2024\/09\/xlxl.webp","width":729,"height":1000},{"@type":"BreadcrumbList","@id":"https:\/\/maceqen.com\/excelsior\/product\/furminator-deshedding-xl-long-hair-kreher-furminator-per-qen-me-qime-te-gjate\/#breadcrumb","itemListElement":[{"@type":"ListItem","position":1,"name":"Home","item":"https:\/\/maceqen.com\/excelsior\/"},{"@type":"ListItem","position":2,"name":"Shop","item":"https:\/\/maceqen.com\/excelsior\/shop\/"},{"@type":"ListItem","position":3,"name":"FURminator DeShedding XL long hair. Kr\u00ebh\u00ebr furminator p\u00ebr qen me qime t\u00eb gjat\u00eb"}]},{"@type":"WebSite","@id":"https:\/\/maceqen.com\/excelsior\/#website","url":"https:\/\/maceqen.com\/excelsior\/","name":"Maceqen","description":"Maceqen.com","publisher":{"@id":"https:\/\/maceqen.com\/excelsior\/#organization"},"potentialAction":[{"@type":"SearchAction","target":{"@type":"EntryPoint","urlTemplate":"https:\/\/maceqen.com\/excelsior\/?s={search_term_string}"},"query-input":{"@type":"PropertyValueSpecification","valueRequired":true,"valueName":"search_term_string"}}],"inLanguage":"sq"},{"@type":"Organization","@id":"https:\/\/maceqen.com\/excelsior\/#organization","name":"Maceqen","url":"https:\/\/maceqen.com\/excelsior\/","logo":{"@type":"ImageObject","inLanguage":"sq","@id":"https:\/\/maceqen.com\/excelsior\/#\/schema\/logo\/image\/","url":"https:\/\/maceqen.com\/excelsior\/wp-content\/uploads\/2021\/10\/maceqen_transparent-e1724054286368-2.png","contentUrl":"https:\/\/maceqen.com\/excelsior\/wp-content\/uploads\/2021\/10\/maceqen_transparent-e1724054286368-2.png","width":1641,"height":727,"caption":"Maceqen"},"image":{"@id":"https:\/\/maceqen.com\/excelsior\/#\/schema\/logo\/image\/"},"sameAs":["https:\/\/www.facebook.com\/profile.php?id=61566868653024","https:\/\/www.instagram.com\/maceqen_\/"]}]}},"_links":{"self":[{"href":"https:\/\/maceqen.com\/excelsior\/wp-json\/wp\/v2\/product\/6487","targetHints":{"allow":["GET"]}}],"collection":[{"href":"https:\/\/maceqen.com\/excelsior\/wp-json\/wp\/v2\/product"}],"about":[{"href":"https:\/\/maceqen.com\/excelsior\/wp-json\/wp\/v2\/types\/product"}],"wp:featuredmedia":[{"embeddable":true,"href":"https:\/\/maceqen.com\/excelsior\/wp-json\/wp\/v2\/media\/6488"}],"wp:attachment":[{"href":"https:\/\/maceqen.com\/excelsior\/wp-json\/wp\/v2\/media?parent=6487"}],"wp:term":[{"taxonomy":"product_brand","embeddable":true,"href":"https:\/\/maceqen.com\/excelsior\/wp-json\/wp\/v2\/product_brand?post=6487"},{"taxonomy":"product_cat","embeddable":true,"href":"https:\/\/maceqen.com\/excelsior\/wp-json\/wp\/v2\/product_cat?post=6487"},{"taxonomy":"product_tag","embeddable":true,"href":"https:\/\/maceqen.com\/excelsior\/wp-json\/wp\/v2\/product_tag?post=6487"}],"curies":[{"name":"wp","href":"https:\/\/api.w.org\/{rel}","templated":true}]}}