{"id":6311,"date":"2024-08-20T16:23:16","date_gmt":"2024-08-20T16:23:16","guid":{"rendered":"http:\/\/maceqen.com\/?post_type=product&#038;p=6311"},"modified":"2024-08-20T16:23:16","modified_gmt":"2024-08-20T16:23:16","slug":"otiflush-solucion-per-pastrimin-e-vesheve-125ml","status":"publish","type":"product","link":"https:\/\/maceqen.com\/excelsior\/product\/otiflush-solucion-per-pastrimin-e-vesheve-125ml\/","title":{"rendered":"Otiflush, Solucion p\u00ebr pastrimin e vesh\u00ebve, 125ml"},"content":{"rendered":"<p>Produkt i kujdesit p\u00ebr shp\u00eblarjen e kanaleve t\u00eb veshit t\u00eb qenve dhe maceve. OtiFlush mund t\u00eb p\u00ebrdoret p\u00ebr t\u00eb mb\u00ebshtetur higjien\u00ebn e kanaleve t\u00eb veshit ose p\u00ebr t\u00eb p\u00ebrgatitur kanalin e veshit p\u00ebr terapi. PH optimale prej 5 lejon q\u00eb preparati t\u00eb p\u00ebrdoret n\u00eb higjien\u00ebn e nj\u00eb kanali t\u00eb sh\u00ebndetsh\u00ebm t\u00eb veshit ose si ndihm\u00ebs n\u00eb otitis externa.<\/p>\n<p>Pse Solution OtiFlush Ear?<\/p>\n<p>ndihmon n\u00eb higjien\u00ebn e vesh\u00ebve n\u00eb rast t\u00eb inflamacionit t\u00eb kanaleve t\u00eb veshit<br \/>\nmb\u00ebshtet terapin\u00eb pavar\u00ebsisht nga shkaku i inflamacionit<br \/>\nnuk irriton<\/p>\n<p>PH optimale prej 5 dhe p\u00ebrmbajtja e klorheksidin\u00ebs n\u00eb preparatin OtiFlush kan\u00eb veti antibakteriale dhe antifungale. Preparati nuk shkakton rritje t\u00eb rezistenc\u00ebs bakteriale.<\/p>\n<p>Klorheksidina &#8211; nj\u00eb substanc\u00eb baktericide dhe bakteriostatike. Ndihmon n\u00eb m\u00ebnyr\u00eb efektive n\u00eb qet\u00ebsimin e irritimeve dhe inflamacioneve t\u00eb l\u00ebkur\u00ebs.<\/p>\n<p>Acidi laktik &#8211; nj\u00eb substanc\u00eb hidratuese q\u00eb leht\u00ebson eksfolimin e l\u00ebkur\u00ebs s\u00eb vdekur.<\/p>\n<p>Allantoin &#8211; nj\u00eb substanc\u00eb biologjikisht aktive q\u00eb ka nj\u00eb efekt qet\u00ebsues dhe rigjenerues, duke stimuluar ndarjen dhe rritjen e qelizave. Ajo hidraton l\u00ebkur\u00ebn.<\/p>\n<p>Ure &#8211; nj\u00eb substanc\u00eb hidratuese q\u00eb ndikon indirekt n\u00eb proceset e rigjenerimit t\u00eb epiderm\u00ebs. Ka nj\u00eb efekt bakteriostatik.<\/p>\n<p>Acidi salicilik &#8211; nj\u00eb substanc\u00eb q\u00eb ka nj\u00eb efekt keratolitik (eksfolon epiderm\u00ebn) dhe rregullon funksionimin e gj\u00ebndrave dhjamore. Kufizon numrin e mikroorganizmave dhe k\u00ebrpudhave, gj\u00eb q\u00eb ndihmon n\u00eb uljen e inflamacionit.<\/p>\n<p>P\u00ebrb\u00ebr\u00ebsit aktiv\u00eb: klorheksidin, acid laktik, alantoin\u00eb, ure, acid salicilik<\/p>\n","protected":false},"excerpt":{"rendered":"<p>Produkt i kujdesit p\u00ebr shp\u00eblarjen e kanaleve t\u00eb veshit t\u00eb qenve dhe maceve. OtiFlush mund t\u00eb p\u00ebrdoret p\u00ebr t\u00eb mb\u00ebshtetur higjien\u00ebn e kanaleve t\u00eb veshit ose p\u00ebr t\u00eb p\u00ebrgatitur kanalin e veshit p\u00ebr terapi. PH optimale prej 5 lejon q\u00eb preparati t\u00eb p\u00ebrdoret n\u00eb higjien\u00ebn e nj\u00eb kanali t\u00eb sh\u00ebndetsh\u00ebm t\u00eb veshit ose si ndihm\u00ebs [&hellip;]<\/p>\n","protected":false},"featured_media":6313,"template":"","meta":[],"product_brand":[],"product_cat":[71,142,72,141],"product_tag":[],"class_list":{"0":"post-6311","1":"product","2":"type-product","3":"status-publish","4":"has-post-thumbnail","6":"product_cat-mace","7":"product_cat-produkte-veterinare-mace","8":"product_cat-qen","9":"product_cat-produkte-veterinare","11":"first","12":"instock","13":"shipping-taxable","14":"purchasable","15":"product-type-simple"},"yoast_head":"<!-- This site is optimized with the Yoast SEO plugin v26.4 - https:\/\/yoast.com\/wordpress\/plugins\/seo\/ -->\n<title>Otiflush, Solucion p\u00ebr pastrimin e vesh\u00ebve, 125ml - Maceqen<\/title>\n<meta name=\"robots\" content=\"index, follow, max-snippet:-1, max-image-preview:large, max-video-preview:-1\" \/>\n<link rel=\"canonical\" href=\"https:\/\/maceqen.com\/excelsior\/product\/otiflush-solucion-per-pastrimin-e-vesheve-125ml\/\" \/>\n<meta property=\"og:locale\" content=\"sq_AL\" \/>\n<meta property=\"og:type\" content=\"article\" \/>\n<meta property=\"og:title\" content=\"Otiflush, Solucion p\u00ebr pastrimin e vesh\u00ebve, 125ml - Maceqen\" \/>\n<meta property=\"og:description\" content=\"Produkt i kujdesit p\u00ebr shp\u00eblarjen e kanaleve t\u00eb veshit t\u00eb qenve dhe maceve. OtiFlush mund t\u00eb p\u00ebrdoret p\u00ebr t\u00eb mb\u00ebshtetur higjien\u00ebn e kanaleve t\u00eb veshit ose p\u00ebr t\u00eb p\u00ebrgatitur kanalin e veshit p\u00ebr terapi. PH optimale prej 5 lejon q\u00eb preparati t\u00eb p\u00ebrdoret n\u00eb higjien\u00ebn e nj\u00eb kanali t\u00eb sh\u00ebndetsh\u00ebm t\u00eb veshit ose si ndihm\u00ebs [&hellip;]\" \/>\n<meta property=\"og:url\" content=\"https:\/\/maceqen.com\/excelsior\/product\/otiflush-solucion-per-pastrimin-e-vesheve-125ml\/\" \/>\n<meta property=\"og:site_name\" content=\"Maceqen\" \/>\n<meta property=\"article:publisher\" content=\"https:\/\/www.facebook.com\/profile.php?id=61566868653024\" \/>\n<meta property=\"og:image\" content=\"https:\/\/maceqen.com\/excelsior\/wp-content\/uploads\/2024\/08\/otiflush_new_op2_20180725_b-scaled-2-1086x1536-1.jpg\" \/>\n\t<meta property=\"og:image:width\" content=\"1086\" \/>\n\t<meta property=\"og:image:height\" content=\"1536\" \/>\n\t<meta property=\"og:image:type\" content=\"image\/jpeg\" \/>\n<meta name=\"twitter:card\" content=\"summary_large_image\" \/>\n<meta name=\"twitter:label1\" content=\"Est. reading time\" \/>\n\t<meta name=\"twitter:data1\" content=\"1 minut\u00eb\" \/>\n<script type=\"application\/ld+json\" class=\"yoast-schema-graph\">{\"@context\":\"https:\/\/schema.org\",\"@graph\":[{\"@type\":\"WebPage\",\"@id\":\"https:\/\/maceqen.com\/excelsior\/product\/otiflush-solucion-per-pastrimin-e-vesheve-125ml\/\",\"url\":\"https:\/\/maceqen.com\/excelsior\/product\/otiflush-solucion-per-pastrimin-e-vesheve-125ml\/\",\"name\":\"Otiflush, Solucion p\u00ebr pastrimin e vesh\u00ebve, 125ml - Maceqen\",\"isPartOf\":{\"@id\":\"https:\/\/maceqen.com\/excelsior\/#website\"},\"primaryImageOfPage\":{\"@id\":\"https:\/\/maceqen.com\/excelsior\/product\/otiflush-solucion-per-pastrimin-e-vesheve-125ml\/#primaryimage\"},\"image\":{\"@id\":\"https:\/\/maceqen.com\/excelsior\/product\/otiflush-solucion-per-pastrimin-e-vesheve-125ml\/#primaryimage\"},\"thumbnailUrl\":\"https:\/\/maceqen.com\/excelsior\/wp-content\/uploads\/2024\/08\/otiflush_new_op2_20180725_b-scaled-2-1086x1536-1.jpg\",\"datePublished\":\"2024-08-20T16:23:16+00:00\",\"breadcrumb\":{\"@id\":\"https:\/\/maceqen.com\/excelsior\/product\/otiflush-solucion-per-pastrimin-e-vesheve-125ml\/#breadcrumb\"},\"inLanguage\":\"sq\",\"potentialAction\":[{\"@type\":\"ReadAction\",\"target\":[\"https:\/\/maceqen.com\/excelsior\/product\/otiflush-solucion-per-pastrimin-e-vesheve-125ml\/\"]}]},{\"@type\":\"ImageObject\",\"inLanguage\":\"sq\",\"@id\":\"https:\/\/maceqen.com\/excelsior\/product\/otiflush-solucion-per-pastrimin-e-vesheve-125ml\/#primaryimage\",\"url\":\"https:\/\/maceqen.com\/excelsior\/wp-content\/uploads\/2024\/08\/otiflush_new_op2_20180725_b-scaled-2-1086x1536-1.jpg\",\"contentUrl\":\"https:\/\/maceqen.com\/excelsior\/wp-content\/uploads\/2024\/08\/otiflush_new_op2_20180725_b-scaled-2-1086x1536-1.jpg\",\"width\":1086,\"height\":1536},{\"@type\":\"BreadcrumbList\",\"@id\":\"https:\/\/maceqen.com\/excelsior\/product\/otiflush-solucion-per-pastrimin-e-vesheve-125ml\/#breadcrumb\",\"itemListElement\":[{\"@type\":\"ListItem\",\"position\":1,\"name\":\"Home\",\"item\":\"https:\/\/maceqen.com\/excelsior\/\"},{\"@type\":\"ListItem\",\"position\":2,\"name\":\"Shop\",\"item\":\"https:\/\/maceqen.com\/excelsior\/shop\/\"},{\"@type\":\"ListItem\",\"position\":3,\"name\":\"Otiflush, Solucion p\u00ebr pastrimin e vesh\u00ebve, 125ml\"}]},{\"@type\":\"WebSite\",\"@id\":\"https:\/\/maceqen.com\/excelsior\/#website\",\"url\":\"https:\/\/maceqen.com\/excelsior\/\",\"name\":\"Maceqen\",\"description\":\"Maceqen.com\",\"publisher\":{\"@id\":\"https:\/\/maceqen.com\/excelsior\/#organization\"},\"potentialAction\":[{\"@type\":\"SearchAction\",\"target\":{\"@type\":\"EntryPoint\",\"urlTemplate\":\"https:\/\/maceqen.com\/excelsior\/?s={search_term_string}\"},\"query-input\":{\"@type\":\"PropertyValueSpecification\",\"valueRequired\":true,\"valueName\":\"search_term_string\"}}],\"inLanguage\":\"sq\"},{\"@type\":\"Organization\",\"@id\":\"https:\/\/maceqen.com\/excelsior\/#organization\",\"name\":\"Maceqen\",\"url\":\"https:\/\/maceqen.com\/excelsior\/\",\"logo\":{\"@type\":\"ImageObject\",\"inLanguage\":\"sq\",\"@id\":\"https:\/\/maceqen.com\/excelsior\/#\/schema\/logo\/image\/\",\"url\":\"https:\/\/maceqen.com\/excelsior\/wp-content\/uploads\/2021\/10\/maceqen_transparent-e1724054286368-2.png\",\"contentUrl\":\"https:\/\/maceqen.com\/excelsior\/wp-content\/uploads\/2021\/10\/maceqen_transparent-e1724054286368-2.png\",\"width\":1641,\"height\":727,\"caption\":\"Maceqen\"},\"image\":{\"@id\":\"https:\/\/maceqen.com\/excelsior\/#\/schema\/logo\/image\/\"},\"sameAs\":[\"https:\/\/www.facebook.com\/profile.php?id=61566868653024\",\"https:\/\/www.instagram.com\/maceqen_\/\"]}]}<\/script>\n<!-- \/ Yoast SEO plugin. -->","yoast_head_json":{"title":"Otiflush, Solucion p\u00ebr pastrimin e vesh\u00ebve, 125ml - Maceqen","robots":{"index":"index","follow":"follow","max-snippet":"max-snippet:-1","max-image-preview":"max-image-preview:large","max-video-preview":"max-video-preview:-1"},"canonical":"https:\/\/maceqen.com\/excelsior\/product\/otiflush-solucion-per-pastrimin-e-vesheve-125ml\/","og_locale":"sq_AL","og_type":"article","og_title":"Otiflush, Solucion p\u00ebr pastrimin e vesh\u00ebve, 125ml - Maceqen","og_description":"Produkt i kujdesit p\u00ebr shp\u00eblarjen e kanaleve t\u00eb veshit t\u00eb qenve dhe maceve. OtiFlush mund t\u00eb p\u00ebrdoret p\u00ebr t\u00eb mb\u00ebshtetur higjien\u00ebn e kanaleve t\u00eb veshit ose p\u00ebr t\u00eb p\u00ebrgatitur kanalin e veshit p\u00ebr terapi. PH optimale prej 5 lejon q\u00eb preparati t\u00eb p\u00ebrdoret n\u00eb higjien\u00ebn e nj\u00eb kanali t\u00eb sh\u00ebndetsh\u00ebm t\u00eb veshit ose si ndihm\u00ebs [&hellip;]","og_url":"https:\/\/maceqen.com\/excelsior\/product\/otiflush-solucion-per-pastrimin-e-vesheve-125ml\/","og_site_name":"Maceqen","article_publisher":"https:\/\/www.facebook.com\/profile.php?id=61566868653024","og_image":[{"width":1086,"height":1536,"url":"https:\/\/maceqen.com\/excelsior\/wp-content\/uploads\/2024\/08\/otiflush_new_op2_20180725_b-scaled-2-1086x1536-1.jpg","type":"image\/jpeg"}],"twitter_card":"summary_large_image","twitter_misc":{"Est. reading time":"1 minut\u00eb"},"schema":{"@context":"https:\/\/schema.org","@graph":[{"@type":"WebPage","@id":"https:\/\/maceqen.com\/excelsior\/product\/otiflush-solucion-per-pastrimin-e-vesheve-125ml\/","url":"https:\/\/maceqen.com\/excelsior\/product\/otiflush-solucion-per-pastrimin-e-vesheve-125ml\/","name":"Otiflush, Solucion p\u00ebr pastrimin e vesh\u00ebve, 125ml - Maceqen","isPartOf":{"@id":"https:\/\/maceqen.com\/excelsior\/#website"},"primaryImageOfPage":{"@id":"https:\/\/maceqen.com\/excelsior\/product\/otiflush-solucion-per-pastrimin-e-vesheve-125ml\/#primaryimage"},"image":{"@id":"https:\/\/maceqen.com\/excelsior\/product\/otiflush-solucion-per-pastrimin-e-vesheve-125ml\/#primaryimage"},"thumbnailUrl":"https:\/\/maceqen.com\/excelsior\/wp-content\/uploads\/2024\/08\/otiflush_new_op2_20180725_b-scaled-2-1086x1536-1.jpg","datePublished":"2024-08-20T16:23:16+00:00","breadcrumb":{"@id":"https:\/\/maceqen.com\/excelsior\/product\/otiflush-solucion-per-pastrimin-e-vesheve-125ml\/#breadcrumb"},"inLanguage":"sq","potentialAction":[{"@type":"ReadAction","target":["https:\/\/maceqen.com\/excelsior\/product\/otiflush-solucion-per-pastrimin-e-vesheve-125ml\/"]}]},{"@type":"ImageObject","inLanguage":"sq","@id":"https:\/\/maceqen.com\/excelsior\/product\/otiflush-solucion-per-pastrimin-e-vesheve-125ml\/#primaryimage","url":"https:\/\/maceqen.com\/excelsior\/wp-content\/uploads\/2024\/08\/otiflush_new_op2_20180725_b-scaled-2-1086x1536-1.jpg","contentUrl":"https:\/\/maceqen.com\/excelsior\/wp-content\/uploads\/2024\/08\/otiflush_new_op2_20180725_b-scaled-2-1086x1536-1.jpg","width":1086,"height":1536},{"@type":"BreadcrumbList","@id":"https:\/\/maceqen.com\/excelsior\/product\/otiflush-solucion-per-pastrimin-e-vesheve-125ml\/#breadcrumb","itemListElement":[{"@type":"ListItem","position":1,"name":"Home","item":"https:\/\/maceqen.com\/excelsior\/"},{"@type":"ListItem","position":2,"name":"Shop","item":"https:\/\/maceqen.com\/excelsior\/shop\/"},{"@type":"ListItem","position":3,"name":"Otiflush, Solucion p\u00ebr pastrimin e vesh\u00ebve, 125ml"}]},{"@type":"WebSite","@id":"https:\/\/maceqen.com\/excelsior\/#website","url":"https:\/\/maceqen.com\/excelsior\/","name":"Maceqen","description":"Maceqen.com","publisher":{"@id":"https:\/\/maceqen.com\/excelsior\/#organization"},"potentialAction":[{"@type":"SearchAction","target":{"@type":"EntryPoint","urlTemplate":"https:\/\/maceqen.com\/excelsior\/?s={search_term_string}"},"query-input":{"@type":"PropertyValueSpecification","valueRequired":true,"valueName":"search_term_string"}}],"inLanguage":"sq"},{"@type":"Organization","@id":"https:\/\/maceqen.com\/excelsior\/#organization","name":"Maceqen","url":"https:\/\/maceqen.com\/excelsior\/","logo":{"@type":"ImageObject","inLanguage":"sq","@id":"https:\/\/maceqen.com\/excelsior\/#\/schema\/logo\/image\/","url":"https:\/\/maceqen.com\/excelsior\/wp-content\/uploads\/2021\/10\/maceqen_transparent-e1724054286368-2.png","contentUrl":"https:\/\/maceqen.com\/excelsior\/wp-content\/uploads\/2021\/10\/maceqen_transparent-e1724054286368-2.png","width":1641,"height":727,"caption":"Maceqen"},"image":{"@id":"https:\/\/maceqen.com\/excelsior\/#\/schema\/logo\/image\/"},"sameAs":["https:\/\/www.facebook.com\/profile.php?id=61566868653024","https:\/\/www.instagram.com\/maceqen_\/"]}]}},"_links":{"self":[{"href":"https:\/\/maceqen.com\/excelsior\/wp-json\/wp\/v2\/product\/6311","targetHints":{"allow":["GET"]}}],"collection":[{"href":"https:\/\/maceqen.com\/excelsior\/wp-json\/wp\/v2\/product"}],"about":[{"href":"https:\/\/maceqen.com\/excelsior\/wp-json\/wp\/v2\/types\/product"}],"wp:featuredmedia":[{"embeddable":true,"href":"https:\/\/maceqen.com\/excelsior\/wp-json\/wp\/v2\/media\/6313"}],"wp:attachment":[{"href":"https:\/\/maceqen.com\/excelsior\/wp-json\/wp\/v2\/media?parent=6311"}],"wp:term":[{"taxonomy":"product_brand","embeddable":true,"href":"https:\/\/maceqen.com\/excelsior\/wp-json\/wp\/v2\/product_brand?post=6311"},{"taxonomy":"product_cat","embeddable":true,"href":"https:\/\/maceqen.com\/excelsior\/wp-json\/wp\/v2\/product_cat?post=6311"},{"taxonomy":"product_tag","embeddable":true,"href":"https:\/\/maceqen.com\/excelsior\/wp-json\/wp\/v2\/product_tag?post=6311"}],"curies":[{"name":"wp","href":"https:\/\/api.w.org\/{rel}","templated":true}]}}